Suppose 3 + 0 = 3*f + 3*w, 3 = 2*f + w. What is the greatest common factor of j and f?
1
Let h(z) = -z**3 - 7*z**2 - 9*z. Let o be h(-7). Suppose -64*u = -65*u - d + 2, 3*d + 43 = 4*u. Calculate the highest common factor of o and u.
7
Let q be (-17*(-1 - -3))/(-2). Suppose -4*r + 447 = -r. Let g = -47 + r. Calculate the greatest common factor of q and g.
17
Suppose -3*z = -4*y + 3*y + 10, 5*z + y + 22 = 0. Let o = -138 - -141. Let d = o - z. What is the greatest common divisor of 35 and d?
7
Let j be (-2)/7 + 298/14. Let t(q) = 22*q**2 - 168*q + 41. Let n be t(8). What is the highest common factor of n and j?
21
Let g be 3/(-4) - (0 + (-408)/32). Calculate the greatest common divisor of 132 and g.
12
Let q(p) = p**2 + 6*p - 5. Let s be q(-7). Suppose 0*r - d = -r, 5*r = -s*d + 35. Suppose -r*v = -13 - 17. Calculate the greatest common divisor of 3 and v.
3
Suppose 43*b + 168 = 85*b. Suppose -4*g = -4, -58 - 26 = -5*z - 4*g. What is the greatest common factor of z and b?
4
Suppose 2*h = 7*h - 600. Suppose 5*j + 33 = -3*x + h, -2*x - 2 = 0. Let p be (54/15)/(2/15). Calculate the highest common divisor of p and j.
9
Let j(v) = 3*v**2 - 7 + 3 + 37*v - 27*v. Let z be j(-6). Calculate the greatest common divisor of 176 and z.
44
Let a(r) = 3*r + 19. Let y be a(3). Calculate the greatest common factor of y and 574.
14
Let l(f) = -89*f**2. Let u be l(1). Let h = u - -149. Let r be 11/(-44) + 196/16. What is the greatest common factor of r and h?
12
Let o(k) = -151*k + 17. Let m be o(-6). What is the highest common divisor of m and 13?
13
Suppose -2*a = 3*j + 6, -5*j + 3*a = 10 - 0. Let c be 44/(-2)*1/j. Calculate the greatest common factor of 55 and c.
11
Let x be (-32 + 6 + 1)/(-1). Calculate the greatest common divisor of 10 and x.
5
Let u = -23 + 15. Let i be ((-40)/(-3 - 1) + -2)*-2. Let d be (-4)/i - 54/u. What is the highest common factor of d and 35?
7
Let p = 26 + -21. Suppose p*c = 2*x + 142, -9*c = 3*x - 4*c + 163. Let k = 187 + x. What is the greatest common divisor of k and 14?
14
Let n(j) = -2*j**3 - 34*j**2 - 12*j - 134. Let t be n(-17). Calculate the greatest common divisor of t and 130.
10
Suppose -7*z - 33 + 131 = 0. What is the greatest common divisor of z and 126?
14
Let f be -1 - -8 - 2 - -1. Suppose 3*r + 4 = 6*l - 2*l, 2*r + 12 = 5*l. What is the highest common divisor of r and f?
2
Let b be 29 - 2 - -2*(-3)/(-6). Let d be ((-105)/14 - -6)/((-2)/b). Calculate the greatest common divisor of d and 105.
21
Let q = 4 - 1. Suppose -180 = i - q*i. Suppose 18 = 3*g - 12. What is the greatest common factor of i and g?
10
Let o = -123 - -243. Let f = o - 101. Calculate the highest common divisor of 19 and f.
19
Suppose 5*p - 26 = 3*p. Suppose 0 = 3*k + 3*r - 153, -5*r = -47*k + 50*k - 151. What is the greatest common divisor of p and k?
13
Let l(j) = -2*j + 26. Let q = -16 + 22. Let m be l(q). Calculate the greatest common factor of m and 35.
7
Let g = 21 - -2. Suppose 3*t - 3*k + g = t, -3*t = 3*k - 3. Let j(z) = 2*z**2 - 4*z - 3. Let w be j(t). What is the highest common divisor of 5 and w?
5
Let w(o) = -5*o**2 - 11*o - 45. Let c(k) = 4*k**2 + 10*k + 45. Let u(l) = 4*c(l) + 3*w(l). Let p be u(-10). Calculate the greatest common factor of 60 and p.
15
Suppose -19*n - 23 = 91. Let u(m) = 3*m + 20. Let z(b) = 5*b + 40. Let v(g) = -7*u(g) + 3*z(g). Let p be v(n). Calculate the highest common factor of p and 80.
16
Let f(m) = 4*m**3 + 2*m**2 - 4*m + 4. Let i be f(5). Suppose 10*h - i = 146. Calculate the greatest common divisor of 102 and h.
34
Suppose 0*b - b + 4 = 0. Suppose 115*m = 109*m + 264. What is the highest common factor of b and m?
4
Let l be -26*1 - (3 + 0). Let g = l - -37. What is the highest common factor of g and 88?
8
Let q(r) be the third derivative of r**6/120 - r**5/60 - r**4/8 + 3*r**3/2 - 5*r**2. Let n be q(0). What is the greatest common factor of 45 and n?
9
Let f = -2098 + 2103. Let p = 24 + -14. Calculate the highest common divisor of p and f.
5
Suppose 5*o - 4*u - 503 = 2*o, 5*o + u - 823 = 0. What is the highest common factor of 231 and o?
33
Suppose -y - r = -27, -7*r + 5*r = -4*y + 114. Calculate the greatest common factor of 308 and y.
28
Let s(j) = 2*j + 3. Let y(o) = -6*o - 10. Let p(g) = -7*s(g) - 2*y(g). Let q be p(-2). Suppose 5*c = q*c + 32. What is the greatest common divisor of c and 112?
16
Let w be 1*3 + (-6 - -5)*-96. Let d = 23 + -14. Calculate the highest common factor of d and w.
9
Let v(t) = -12*t - 2. Let y be v(-2). Let a = y + -6. Let h be 3/(-4 + 3) + 4 + 7. Calculate the highest common divisor of a and h.
8
Suppose -16*j = -21*j - 5*m + 50, m - 3 = 0. What is the highest common divisor of 1267 and j?
7
Suppose 7 = z + 3. Let u = 19 - 12. Let t = u - z. What is the highest common divisor of t and 21?
3
Let z(b) be the third derivative of b**6/120 - 7*b**5/60 - b**4/4 + 2*b**3/3 + 16*b**2. Let d be z(8). What is the highest common divisor of 4 and d?
4
Suppose -4*k + 127 = 5*x, 2*k + 2*k = -x + 131. Let l = -105 + 270. Calculate the highest common divisor of l and k.
33
Let k be (13/(-4) - -1)/((-12)/128). Calculate the highest common factor of k and 312.
24
Let k(t) = 0*t**2 + t**2 + 1 + 1 - 9*t. Let m be k(9). Suppose 108 = m*o + 2*o. What is the greatest common factor of 18 and o?
9
Let y(b) = 4*b**3 - 7*b**2 - 13*b - 7. Let s be y(6). Calculate the greatest common divisor of s and 31.
31
Suppose 0 = 3*w - 955 - 827. What is the highest common factor of 108 and w?
54
Suppose 3*c - 5*q + 3*q = -1, -c + 8 = q. Suppose 0 = c*m + 3*r + 9, 0*r = 3*m - r + 29. Let t be 275/4 - 2/m. What is the greatest common factor of 23 and t?
23
Let i be ((0 - -21) + (-10)/5)/(-1). Let u = 23 - i. Calculate the highest common factor of u and 14.
14
Suppose -7*c - 439 + 551 = 0. What is the highest common factor of 464 and c?
16
Let x = -14 - -62. Suppose -5*v + 3*v + 2*w + 288 = 0, 576 = 4*v + 2*w. Calculate the highest common divisor of x and v.
48
Let l(g) = g - 11. Let a be l(10). Let s(y) = 33*y**2 - y - 2. Let v be s(a). Let b be (744/v)/((-1)/(-12)). Calculate the highest common divisor of b and 31.
31
Let f = 2 - 0. Let g be (-1)/((-199)/99 + f). Let l = -1536 + 1545. What is the greatest common divisor of l and g?
9
Let v(k) = 2*k**3 + 2*k**2 - 17*k + 60. Let b be v(3). What is the greatest common factor of 6 and b?
3
Let s = -832 - -909. What is the greatest common factor of 63 and s?
7
Let o(p) = 52*p**2 - 71*p - 332. Let g be o(-5). Calculate the highest common factor of 27 and g.
27
Let u = 53 + -23. Suppose -30 = -4*r - 5*m + 4, -u = -4*r - 3*m. Let o(v) = v + 6. Let c be o(0). What is the greatest common factor of c and r?
6
Suppose -c - 12 = -8. Let z be c/(-3) - 1 - (-4984)/24. What is the highest common factor of 13 and z?
13
Let p(v) = 3*v - 14. Let n be p(7). Suppose 5*j - 12 + 2 = q, -2*j + 11 = q. Let h(d) = 11*d + 1. Let w be h(q). What is the greatest common factor of n and w?
7
Let w = 204 + -382. Let o = -126 - w. What is the highest common divisor of 13 and o?
13
Let a = -82 - -131. What is the greatest common divisor of a and 56?
7
Let m be -1 + -30 + (5 - 2). Let s = 44 + m. Calculate the highest common factor of 32 and s.
16
Let b be ((-175)/(-70))/((-2)/(-52)). Suppose b = 5*c - 5*s, -3*c + 13 + 50 = 5*s. Calculate the highest common factor of 16 and c.
16
Suppose 17145 - 2667 = 38*u. Calculate the highest common divisor of u and 6.
3
Suppose -13*v - 10 = -166. Suppose v = -2*c + 40. What is the greatest common factor of 7 and c?
7
Let o(s) = s**2 - 5*s + 9. Let c be o(9). Let i = c - 33. What is the greatest common factor of 132 and i?
12
Let b = 42 + -36. Let k(y) = -y**3 + 5*y**2 + 10*y - 4. Let m be k(b). Let i = 5 - 0. What is the greatest common divisor of m and i?
5
Let p be ((2*8)/1)/((-14)/(-252)). Let o be (p/(-90))/((-4)/50). Calculate the highest common factor of o and 70.
10
Let z(p) be the third derivative of p**4/24 + 13*p**3/2 - 27*p**2. Let k be z(21). Calculate the highest common factor of 20 and k.
20
Let g = 3972 + -3741. Let h = -83 - -167. Suppose 0*n + h = 4*n - 4*a, 84 = 4*n + 4*a. Calculate the greatest common factor of g and n.
21
Let i(c) = c**3 + 9*c**2 + 14*c + 3. Let n be i(-7). Calculate the highest common factor of 9 and n.
3
Let r be 2 + 0 - (